d by 567.
561
Calculate the remainder when 1524715 is divided by 46.
45
What is the remainder when 78567 is divided by 23?
22
What is the remainder when 12763 is divided by 6133?
497
What is the remainder when 15770 is divided by 1314?
2
What is the remainder when 352735 is divided by 302?
301
What is the remainder when 3025837 is divided by 347?
344
What is the remainder when 727565 is divided by 727561?
4
What is the remainder when 4051 is divided by 119?
5
Calculate the remainder when 6133 is divided by 118.
115
What is the remainder when 32536 is divided by 12?
4
Calculate the remainder when 10608 is divided by 30.
18
Calculate the remainder when 155955 is divided by 374.
371
Calculate the remainder when 13506 is divided by 47.
17
Calculate the remainder when 3010 is divided by 58.
52
What is the remainder when 8067 is divided by 134?
27
Calculate the remainder when 241931 is divided by 48.
11
What is the remainder when 10897 is divided by 210?
187
Calculate the remainder when 3510036 is divided by 1226.
1224
Calculate the remainder when 255475 is divided by 18.
1
Calculate the remainder when 307 is divided by 52.
47
Calculate the remainder when 1110905 is divided by 59.
53
What is the remainder when 50717 is divided by 71?
23
Calculate the remainder when 25269 is divided by 650.
569
Calculate the remainder when 82279 is divided by 605.
604
What is the remainder when 284524 is divided by 362?
354
Calculate the remainder when 160824 is divided by 7.
6
What is the remainder when 1105 is divided by 3?
1
What is the remainder when 62637 is divided by 99?
69
Calculate the remainder when 4867 is divided by 57.
22
What is the remainder when 35229 is divided by 261?
255
Calculate the remainder when 53992 is divided by 4497.
28
Calculate the remainder when 220281 is divided by 73424.
9
What is the remainder when 110003 is divided by 412?
411
What is the remainder when 225202 is divided by 58?
46
Calculate the remainder when 27171 is divided by 697.
685
What is the remainder when 5020 is divided by 463?
390
Calculate the remainder when 16019 is divided by 145.
69
What is the remainder when 13515 is divided by 23?
14
Calculate the remainder when 880253 is divided by 71.
66
Calculate the remainder when 396466 is divided by 29.
7
Calculate the remainder when 13541 is divided by 72.
5
Calculate the remainder when 10202 is divided by 26.
10
What is the remainder when 2739 is divided by 252?
219
What is the remainder when 27013 is divided by 28?
21
What is the remainder when 311358 is divided by 271?
250
What is the remainder when 124814 is divided by 25?
14
Calculate the remainder when 82859 is divided by 4361.
0
Calculate the remainder when 108343 is divided by 233.
231
Calculate the remainder when 20057 is divided by 334.
17
Calculate the remainder when 4879233 is divided by 2439613.
7
What is the remainder when 29382 is divided by 111?
78
Calculate the remainder when 147 is divided by 96.
51
Calculate the remainder when 6111 is divided by 170.
161
Calculate the remainder when 4827 is divided by 32.
27
What is the remainder when 54025 is divided by 195?
10
Calculate the remainder when 702 is divided by 256.
190
What is the remainder when 537 is divided by 388?
149
Calculate the remainder when 1962 is divided by 29.
19
What is the remainder when 48080 is divided by 16017?
29
Calculate the remainder when 138185 is divided by 1368.
17
Calculate the remainder when 15937 is divided by 295.
7
What is the remainder when 692068 is divided by 7?
6
What is the remainder when 644 is divided by 504?
140
Calculate the remainder when 4281 is divided by 328.
17
Calculate the remainder when 11079 is divided by 25.
4
Calculate the remainder when 3713 is divided by 1758.
197
What is the remainder when 8293 is divided by 70?
33
What is the remainder when 620617 is divided by 403?
400
What is the remainder when 4267 is divided by 325?
42
What is the remainder when 53527 is divided by 18?
13
Calculate the remainder when 458701 is divided by 50.
1
Calculate the remainder when 88381 is divided by 214.
213
What is the remainder when 1673 is divided by 391?
109
What is the remainder when 2554206 is divided by 851398?
12
What is the remainder when 145734 is divided by 132?
6
What is the remainder when 51243 is divided by 1969?
49
What is the remainder when 7171 is divided by 511?
17
What is the remainder when 1218458 is divided by 134?
130
What is the remainder when 29387 is divided by 1016?
939
Calculate the remainder when 19394 is divided by 255.
14
Calculate the remainder when 7942 is divided by 7915.
27
What is the remainder when 3143 is divided by 105?
98
What is the remainder when 4764 is divided by 207?
3
Calculate the remainder when 17657 is divided by 47.
32
What is the remainder when 3266 is divided by 998?
272
Calculate the remainder when 8125 is divided by 120.
85
What is the remainder when 659 is divided by 135?
119
What is the remainder when 7934 is divided by 1318?
26
Calculate the remainder when 79106 is divided by 39413.
280
Calculate the remainder when 8106 is divided by 8103.
3
What is the remainder when 4313 is divided by 24?
17
Calculate the remainder when 2714045 is divided by 554.
553
What is the remainder when 211977 is divided by 4326?
3
What is the remainder when 857 is divided by 154?
87
What is the remainder when 5498 is divided by 5201?
297
What is the remainder when 6422 is divided by 1292?
1254
Calculate the remainder when 16715 is divided by 188.
171
Calculate the remainder when 2227272 is divided by 322.
320
What is the remainder when 7025 is divided by 2286?
167
Calculate the remainder when 71701 is divided by 114.
109
What is the remainder when 4979 is divided by 101?
30
Calculate the remainder when 17656 is divided by 159.
7
What is the remainder when 69039 is divided by 622?
619
Calculate the remainder when 17413 is divided by 10.
3
What is the remainder when 64755 is divided by 258?
255
What is the remainder when 475 is divided by 4?
3
What is the remainder when 5658 is divided by 257?
4
Calculate the remainder when 6676 is divided by 49.
12
Calculate the remainder when 84761 is divided by 5.
1
Calculate the remainder when 2398477 is divided by 359.
357
Calculate the remainder when 1163560 is divided by 106.
104
Calculate the remainder when 1096 is divided by 608.
488
What is the remainder when 691797 is divided by 23?
3
Calculate the remainder when 12556411 is divided by 69.
67
Calculate the remainder when 16755 is divided by 32.
19
What is the remainder when 6367 is divided by 431?
333
Calculate the remainder when 2192 is divided by 333.
194
What is the remainder when 243667 is divided by 40?
27
Calculate the remainder when 70020 is divided by 59.
46
What is the remainder when 750024 is divided by 85?
69
Calculate the remainder when 143296 is divided by 23.
6
Calculate the remainder when 53330 is divided by 398.
396
Calculate the remainder when 1009 is divided by 73.
60
What is the remainder when 67043 is divided by 115?
113
Calculate the remainder when 1597 is divided by 1015.
582
Calculate the remainder when 40547 is divided by 5.
2
Calculate the remainder when 291456 is divided by 878.
838
Calculate the remainder when 771 is divided by 139.
76
What is the remainder when 9093 is divided by 2984?
141
Calculate the remainder when 6085 is divided by 84.
37
What is the remainder when 1900862 is divided by 913?
909
Calculate the remainder when 2372 is divided by 2321.
51
Calculate the remainder when 42911 is divided by 13.
11
Calculate the remainder when 1069843 is divided by 133728.
19
Calculate the remainder when 1452 is divided by 1423.
29
Calculate the remainder when 82 is divided by 11.
5
Calculate the remainder when 1410585 is divided by 194.
11
What is the remainder when 7253 is divided by 1562?
1005
Calculate the remainder when 10834 is divided by 190.
4
What is the remainder when 18568 is divided by 18552?
16
What is the remainder when 106904 is divided by 31?
16
What is the remainder when 132603 is divided by 44197?
12
What is the remainder when 86324 is divided by 830?
4
Calculate the remainder when 2855 is divided by 426.
299
What is the remainder when 221690 is divided by 300?
290
What is the remainder when 8136 is divided 